{"id":23,"date":"2010-04-21T20:04:19","date_gmt":"2010-04-21T20:04:19","guid":{"rendered":"http:\/\/www.etelme.de\/etelme-it\/?page_id=23"},"modified":"2018-10-09T15:29:05","modified_gmt":"2018-10-09T14:29:05","slug":"netzwerkdienstleistungen","status":"publish","type":"page","link":"https:\/\/www.etelme.de\/etelme-it\/?page_id=23","title":{"rendered":"Netzwerk (LAN)"},"content":{"rendered":"<p>Wir verf\u00fcgen \u00fcber langj\u00e4hrige Erfahrungen mit Netzwerkverlegungen und Netzwerkwartungen.<\/p>\n<p>Wir bieten auch Allways-On L\u00f6sungen, wenn mehr als eine A-DSL, V-DSL oder Super V-DSL Leitung n\u00f6tig werden, weil permanente Internetabbr\u00fcche den Betrieb Ihres Unternehmens bedrohen.<\/p>\n<p>Hier ein paar Standard LAN-Beispiele:<br \/>\n<a href=\"http:\/\/www.etelme.de\/etelme-it\/wp-content\/uploads\/2010\/04\/100_1413.jpg\" target=\"_blank\" rel=\"noopener\"><img decoding=\"async\" loading=\"lazy\" class=\"wp-image-125 aligncenter\" title=\"100_1413\" src=\"http:\/\/www.etelme.de\/etelme-it\/wp-content\/uploads\/2010\/04\/100_1413-224x300.jpg\" alt=\"Serverschrank\" width=\"224\" height=\"300\" srcset=\"https:\/\/www.etelme.de\/etelme-it\/wp-content\/uploads\/2010\/04\/100_1413-224x300.jpg 224w, https:\/\/www.etelme.de\/etelme-it\/wp-content\/uploads\/2010\/04\/100_1413.jpg 640w\" sizes=\"(max-width: 224px) 100vw, 224px\" \/><\/a><\/p>\n<p>&nbsp;<\/p>\n<p><a href=\"http:\/\/www.etelme.de\/etelme-it\/wp-content\/uploads\/2010\/04\/100_1392.jpg\" target=\"_blank\" rel=\"noopener\"><img decoding=\"async\" loading=\"lazy\" class=\"size-medium wp-image-124 aligncenter\" title=\"Bodenverlegung Sandwich Boden\" src=\"http:\/\/www.etelme.de\/etelme-it\/wp-content\/uploads\/2010\/04\/100_1392-224x300.jpg\" alt=\"\" width=\"224\" height=\"300\" srcset=\"https:\/\/www.etelme.de\/etelme-it\/wp-content\/uploads\/2010\/04\/100_1392-224x300.jpg 224w, https:\/\/www.etelme.de\/etelme-it\/wp-content\/uploads\/2010\/04\/100_1392.jpg 640w\" sizes=\"(max-width: 224px) 100vw, 224px\" \/><\/a><\/p>\n<p>&nbsp;<\/p>\n<p><a href=\"http:\/\/www.etelme.de\/etelme-it\/wp-content\/uploads\/2010\/04\/17092011187.jpg\" target=\"_blank\" rel=\"noopener\"><img decoding=\"async\" loading=\"lazy\" class=\"size-medium wp-image-126 aligncenter\" title=\"17092011187\" src=\"http:\/\/www.etelme.de\/etelme-it\/wp-content\/uploads\/2010\/04\/17092011187-300x284.jpg\" alt=\"Kleiner Serverschrank Wandmontage\" width=\"300\" height=\"284\" srcset=\"https:\/\/www.etelme.de\/etelme-it\/wp-content\/uploads\/2010\/04\/17092011187-300x284.jpg 300w, https:\/\/www.etelme.de\/etelme-it\/wp-content\/uploads\/2010\/04\/17092011187.jpg 640w\" sizes=\"(max-width: 300px) 100vw, 300px\" \/><\/a><\/p>\n<p>&nbsp;<\/p>\n","protected":false},"excerpt":{"rendered":"<p>Wir verf\u00fcgen \u00fcber langj\u00e4hrige Erfahrungen mit Netzwerkverlegungen und Netzwerkwartungen. Wir bieten auch Allways-On L\u00f6sungen, wenn mehr als eine A-DSL, V-DSL oder Super V-DSL Leitung n\u00f6tig<\/p>\n","protected":false},"author":1,"featured_media":0,"parent":20,"menu_order":0,"comment_status":"open","ping_status":"open","template":"","meta":[],"_links":{"self":[{"href":"https:\/\/www.etelme.de\/etelme-it\/index.php?rest_route=\/wp\/v2\/pages\/23"}],"collection":[{"href":"https:\/\/www.etelme.de\/etelme-it\/index.php?rest_route=\/wp\/v2\/pages"}],"about":[{"href":"https:\/\/www.etelme.de\/etelme-it\/index.php?rest_route=\/wp\/v2\/types\/page"}],"author":[{"embeddable":true,"href":"https:\/\/www.etelme.de\/etelme-it\/index.php?rest_route=\/wp\/v2\/users\/1"}],"replies":[{"embeddable":true,"href":"https:\/\/www.etelme.de\/etelme-it\/index.php?rest_route=%2Fwp%2Fv2%2Fcomments&post=23"}],"version-history":[{"count":11,"href":"https:\/\/www.etelme.de\/etelme-it\/index.php?rest_route=\/wp\/v2\/pages\/23\/revisions"}],"predecessor-version":[{"id":473,"href":"https:\/\/www.etelme.de\/etelme-it\/index.php?rest_route=\/wp\/v2\/pages\/23\/revisions\/473"}],"up":[{"embeddable":true,"href":"https:\/\/www.etelme.de\/etelme-it\/index.php?rest_route=\/wp\/v2\/pages\/20"}],"wp:attachment":[{"href":"https:\/\/www.etelme.de\/etelme-it\/index.php?rest_route=%2Fwp%2Fv2%2Fmedia&parent=23"}],"curies":[{"name":"wp","href":"https:\/\/api.w.org\/{rel}","templated":true}]}}